inder when u is divided by h?
13
Let a = -2266 - -2278. Suppose 3*s + 2*q - 127 = 0, q + 2 = -q. Let b = s - 20. What is the remainder when b is divided by a?
11
Let t = -68 + 77. Suppose 0 = -3*h - t + 75. Calculate the remainder when 151 is divided by h.
19
Let y = -1463 - -1498. Calculate the remainder when 192 is divided by y.
17
Suppose -432 = 16*k - 2000. What is the remainder when 1563 is divided by k?
93
Let o(n) be the second derivative of n**4/12 + n**3/2 + 15*n**2/2 - 15*n. Calculate the remainder when 170 is divided by o(-7).
41
Let b be 2/(-3)*99/(-22). Let s(f) = 4*f - 2. Let k be s(1). Suppose b*q = -3*y - 5 + 17, 40 = 4*y - k*q. Calculate the remainder when 23 is divided by y.
7
Let n(x) = -x**3 - x**2 + 2*x + 77. Calculate the remainder when n(0) is divided by 27.
23
Let o(d) = d**3 - 5*d**2 - 2. Let c be o(5). Let j(m) = -4 - 3*m**3 - 3*m**2 - 7 - 2 + 11 - m. What is the remainder when 22 is divided by j(c)?
10
Suppose -64*t + 1441 + 5919 = 0. Calculate the remainder when t is divided by 32.
19
Let v = -7 + 10. Suppose 0 = -v*b + 6*b, -b = z - 79. Suppose 2*c - 4 = c, f + 2*c - 49 = 0. What is the remainder when z is divided by f?
38
Let h = -74 - -83. Suppose 2*g = 23 + h. Calculate the remainder when 45 is divided by g.
13
Let b be -3 + 5*(-3 - -4). Suppose -8 = u + 5*d, -12 = -u - b*u + 3*d. Calculate the remainder when 6 is divided by u.
0
Let n = 144 + -76. Let v(p) = 8 - 70*p + n*p + 3*p**2 - 2*p**2. Calculate the remainder when 30 is divided by v(0).
6
Calculate the remainder when (1326/(-15) + 2)*-5 + -4 is divided by 72.
68
Let p(s) = s**2 - s - 1. Let r(h) = h**3 + 8*h**2 + h - 4. Let a(q) = -3*p(q) + r(q). Suppose 1 = c + 4. What is the remainder when 14 is divided by a(c)?
4
Suppose -8*k = -3*k - 2*d + 447, -2*d = 3*k + 265. Let c be (-128)/(-3)*(0 - 3). Let y = k - c. What is the remainder when y is divided by 8?
7
Suppose -g = 4*f - 6 - 101, -4*g = 4. Let o(y) = -y**3 + 14*y**2 - 16*y + 11. What is the remainder when o(12) is divided by f?
26
Let k = 18 + -34. Let c = 6 - k. What is the remainder when 40 is divided by c?
18
Let f(p) = -4*p + 42. Suppose 3*i + 408 = 5*h, 0*h - 404 = -5*h + 4*i. What is the remainder when h is divided by f(5)?
18
Suppose -3*i - 5*c + 3 = -3, -c = -2*i + 4. Let s(y) = 10*y**2 + 5*y - 6. Calculate the remainder when s(i) is divided by 15.
14
Let w(q) = -q**2 + 14*q + 27. Let r(z) = z**2 - 14*z - 27. Let d(u) = 4*r(u) + 5*w(u). Calculate the remainder when d(13) is divided by (1/2)/(2/56).
12
Let n be (-188)/(-2) - (-8 - (-15)/3). Suppose -92*k = -n*k + 25. What is the remainder when 9/1 - (0 - 2) is divided by k?
1
Suppose -3*n - 21*z = -17*z - 149, -2*n = -5*z - 84. Suppose 20 = 3*c + 5*k, 12 = 5*c - 2*k - 11. Calculate the remainder when n is divided by c.
2
Suppose 2*q - 12 = -3*b + 2*b, -q = -4*b + 12. Calculate the remainder when (2/q)/((-1)/(-158)) is divided by 20.
19
Suppose 4*j - 335 = -5*s, 15*s - 14*s = 2*j + 67. Let x(k) = -k**3 - k**2 + k + 23. What is the remainder when s is divided by x(0)?
21
Suppose 3*m + 0*m = 147. Let u = -21 + m. Let a(v) = -v - 11. Calculate the remainder when u is divided by a(-21).
8
Suppose -3*r = -6*r + 24. Suppose 2*m - r - 14 = 0. Suppose 0 = -3*i - 0*i + 96. What is the remainder when i is divided by m?
10
Calculate the remainder when 349 is divided by (24/10)/(15/100).
13
Suppose s + 3*x = -2*x + 360, -4*x = -4*s + 1368. Suppose s + 573 = 6*z. What is the remainder when z is divided by 39?
36
Let s(m) = 9*m - 271. What is the remainder when 207 is divided by s(34)?
32
Let x(b) = -90*b - 110. Calculate the remainder when x(-3) is divided by 49.
13
Let f(a) = -8*a + 10. Let d be f(4). Suppose 160 = 4*t + 4*b, 7*t = 2*t - 3*b + 208. Let c = t + d. Calculate the remainder when c is divided by 8.
6
Suppose 3493 = 9*o - 2969. Calculate the remainder when o is divided by 60.
58
Suppose 0 = 5*a - 5*c - 30, 2*a + 2*c - 7*c = 24. Suppose -a*y + 29 = -11. What is the remainder when 108 is divided by (-4 - -4) + 2 + y?
20
Let s be (3 + 21/(-6))*-32. What is the remainder when 37 is divided by (-2 + s)/(-1 + 3 - 1)?
9
Suppose 1511*i - 40 = 1507*i. Calculate the remainder when 679 is divided by i.
9
Let c = -266 - -306. What is the remainder when 196 is divided by c?
36
Suppose -z + 16 = -14. Let l = z + -67. Let i = 56 + l. Calculate the remainder when 54 is divided by i.
16
Suppose -2*t + 5*i = -94 - 414, 2*i + 514 = 2*t. Let j = -141 + t. What is the remainder when j is divided by 31?
25
Let m = 706 - 359. What is the remainder when m is divided by 50?
47
Let z(i) = -i**3 - 8*i**2 - 12*i - 16. Let m be z(-7). Calculate the remainder when 56 is divided by (1 + 0 + m)*1/1.
16
Let m(f) = f**3 - 4*f**2 - 7*f - 5. Let j be m(6). Let k = -18 + j. Suppose 168 = 9*v - 57. What is the remainder when v is divided by k?
4
Let k = -9 + 19. Let n = 97 + -92. Let b(m) = -m**3 + 5*m**2 + 5. What is the remainder when k is divided by b(n)?
0
Let p be -3*((-4)/(-3) + 0). Let l(q) = -5*q. Let m be l(p). Calculate the remainder when ((-106)/(-5))/(8/m) is divided by 18.
17
Let j = 0 + 17. What is the remainder when 64 is divided by j?
13
Let m be 1 + 6/(-8) + 1703/(-524). Let u = 2 - 0. What is the remainder when 2 + m - u*-31 is divided by 16?
13
Let r = -17 + 29. Suppose 0 = 4*v - 8*v. Suppose 2*d + 0*d + 176 = 4*u, v = -2*u - d + 96. Calculate the remainder when u is divided by r.
10
Let f(k) = -k**3 + 3*k**2 + 4*k + 4. Let h = -1355 - -1372. What is the remainder when f(-3) is divided by h?
12
Suppose -27 - 33 = -n. Calculate the remainder when n is divided by 17.
9
Let h(u) = 3*u - 4. Let i be h(3). Suppose 3*w = -x - i + 24, -5*w = 2*x - 35. Calculate the remainder when 36 is divided by x.
6
Suppose 3*b + 1435 = 1621. Calculate the remainder when 185 is divided by b.
61
Suppose 0 = 2*p - 3*w - 82, 0 = -3*p + w + 2*w + 129. What is the remainder when 97 is divided by p?
3
Calculate the remainder when -71*(3 - 4)*(1 + 3) is divided by 16.
12
Let y = 1149 + -1028. Calculate the remainder when y is divided by 30.
1
Suppose -2*w = 2*p - 8, -2*p + 0 + 10 = 0. What is the remainder when 37/(6/3 + w) is divided by 21?
16
Suppose 35*s - 208 = 22*s. What is the remainder when 29 is divided by s?
13
Let q be ((-885)/6)/((-8)/32). Suppose 2*m - 7*m = -u - q, -m - 2*u + 118 = 0. What is the remainder when m is divided by 20?
18
Suppose -z = -4*r - 60 + 10, 0 = r - 2*z + 9. Calculate the remainder when 61 is divided by 80/6*r/(260/(-24)).
13
Let j = 13 + -8. Suppose 2*h + 4*i - 63 = 45, j*i = 10. Suppose -3*s + 2*x = s - 70, 5*s + 2*x - 83 = 0. Calculate the remainder when h is divided by s.
16
Suppose 44 = -3*g - 2*v + 98, 0 = -4*v. Calculate the remainder when g is divided by 3.
0
Let n(a) = 5*a - 20. Let v be n(13). Let x = -41 + v. Calculate the remainder when 20 is divided by x.
0
Let o be (322/42)/(-2*1/6). Let i = 2 - o. Calculate the remainder when 96 is divided by i.
21
Suppose -3*c - 30*l = -31*l - 82, l - 134 = -5*c. What is the remainder when 143 is divided by c?
8
What is the remainder when (-293)/(((-14)/(-84))/((-1)/6)) is divided by 21?
20
Let g be 14 - (2 - (3 - 4)). Suppose 14*a - g = 13*a. What is the remainder when 41 is divided by a?
8
Let m(o) = o**3 - 10*o**2 + 22*o + 12. Calculate the remainder when 297 is divided by m(8).
57
Suppose 58 - 409 = -x. What is the remainder when (2/3)/(9/x) is divided by 14?
12
Suppose b + 55 = 5*y, 26 + 23 = 2*y + 5*b. Let l = -709 + 780. What is the remainder when l is divided by y?
11
Suppose s = -2*p + 6*p - 63, 2*s = -p + 18. Suppose -a = 3*u - 3, 5*u - 4*a - 6 - p = 0. Calculate the remainder when 4/10 + (-26)/(-10) is divided by u.
1
Let s = 82 - 77. Suppose -4*m + 19 = 5*d - 47, 4*d + s*m - 51 = 0. Calculate the remainder when 23 is divided by d.
9
Let m = -52 - -55. Suppose -5*z - 2 = -2*q, -2*q + m*z + 2 = -4. What is the remainder when 119 is divided by q?
5
Let z(n) = 6*n + 10. Calculate the remainder when 56 is divided by z(2).
12
Suppose 47 = -4*p + 135. Suppose -5*h = 0, -88 = -2*n - 4*h + 3*h. Suppose -4*x - 4*o = -0*o - n, p = 2*x - o. What is the remainder when 41 is divided by x?
8
Let n be -4 + 3 + (-4)/(-1). Let z be 0*2/(-6)*n. Suppose 38 = m - z*m. Calculate the remainder when m is divided by 8